{"id":120,"date":"2016-10-04T15:05:29","date_gmt":"2016-10-04T13:05:29","guid":{"rendered":"http:\/\/www.ecole-de-marilles.be\/?page_id=120"},"modified":"2021-09-08T15:22:59","modified_gmt":"2021-09-08T13:22:59","slug":"pedagogie-2","status":"publish","type":"page","link":"http:\/\/www.ecole-de-marilles.be\/index.php\/pedagogie-2\/","title":{"rendered":"P\u00e9dagogie"},"content":{"rendered":"<h2 style=\"text-align: left;\"><span style=\"color: #ff6600;\"><span style=\"text-decoration: underline; color: #000080;\"><u>M\u00e9thode<\/u><img loading=\"lazy\" class=\"wp-image-545  alignright\" src=\"http:\/\/www.ecole-de-marilles.be\/wp-content\/uploads\/2018\/01\/23559878_1532623560119265_4648061025943736257_n-300x169.jpg\" alt=\"\" width=\"270\" height=\"152\" \/><\/span><\/span><\/h2>\n<p style=\"text-align: center;\">Les enseignants sont \u00e0 l&rsquo;\u00e9coute des difficult\u00e9s ou des atouts des enfants, ils les conduisent le plus loin possible dans leur apprentissage<br \/>\n= p\u00e9dagogie diff\u00e9renci\u00e9e.<\/p>\n<p style=\"text-align: center;\">Les apprentissages d\u00e9coulent la plupart du temps du v\u00e9cu des enfants, des exp\u00e9riences r\u00e9alis\u00e9es par ceux-ci et des projets en cours.<\/p>\n<hr \/>\n<h2 style=\"text-align: left;\"><span style=\"color: #ff6600;\"><span style=\"text-decoration: underline; color: #000080;\">Mati\u00e8re<\/span><\/span><\/h2>\n<p style=\"text-align: center;\">La mati\u00e8re est \u00e9galement tr\u00e8s importante pour nous car un bon niveau et une bonne ma\u00eetrise de celle-ci permettent aux \u00e9l\u00e8ves de r\u00e9ussir dans le secondaire.<img loading=\"lazy\" class=\"size-medium wp-image-518 alignleft\" src=\"http:\/\/www.ecole-de-marilles.be\/wp-content\/uploads\/2018\/01\/DSCN4026-300x225.jpg\" alt=\"\" width=\"300\" height=\"225\" srcset=\"http:\/\/www.ecole-de-marilles.be\/wp-content\/uploads\/2018\/01\/DSCN4026-300x225.jpg 300w, http:\/\/www.ecole-de-marilles.be\/wp-content\/uploads\/2018\/01\/DSCN4026-768x576.jpg 768w, http:\/\/www.ecole-de-marilles.be\/wp-content\/uploads\/2018\/01\/DSCN4026-1024x768.jpg 1024w\" sizes=\"(max-width: 300px) 100vw, 300px\" \/><\/p>\n<p style=\"text-align: center;\">C&rsquo;est pourquoi, nous questionnons sans cesse nos anciens \u00e9l\u00e8ves afin de pouvoir nous <strong>calquer sur les besoins du secondaire.<\/strong><\/p>\n","protected":false},"excerpt":{"rendered":"<p>M\u00e9thode Les enseignants sont \u00e0 l&rsquo;\u00e9coute des difficult\u00e9s ou des atouts des enfants, ils les conduisent le plus loin possible dans leur apprentissage = p\u00e9dagogie diff\u00e9renci\u00e9e. Les apprentissages d\u00e9coulent la plupart du temps du v\u00e9cu des enfants, des exp\u00e9riences r\u00e9alis\u00e9es par ceux-ci et des projets en cours. Mati\u00e8re La mati\u00e8re est \u00e9galement tr\u00e8s importante pour [&hellip;]<\/p>\n","protected":false},"author":2,"featured_media":0,"parent":0,"menu_order":0,"comment_status":"closed","ping_status":"closed","template":"","meta":[],"_links":{"self":[{"href":"http:\/\/www.ecole-de-marilles.be\/index.php\/wp-json\/wp\/v2\/pages\/120"}],"collection":[{"href":"http:\/\/www.ecole-de-marilles.be\/index.php\/wp-json\/wp\/v2\/pages"}],"about":[{"href":"http:\/\/www.ecole-de-marilles.be\/index.php\/wp-json\/wp\/v2\/types\/page"}],"author":[{"embeddable":true,"href":"http:\/\/www.ecole-de-marilles.be\/index.php\/wp-json\/wp\/v2\/users\/2"}],"replies":[{"embeddable":true,"href":"http:\/\/www.ecole-de-marilles.be\/index.php\/wp-json\/wp\/v2\/comments?post=120"}],"version-history":[{"count":11,"href":"http:\/\/www.ecole-de-marilles.be\/index.php\/wp-json\/wp\/v2\/pages\/120\/revisions"}],"predecessor-version":[{"id":1799,"href":"http:\/\/www.ecole-de-marilles.be\/index.php\/wp-json\/wp\/v2\/pages\/120\/revisions\/1799"}],"wp:attachment":[{"href":"http:\/\/www.ecole-de-marilles.be\/index.php\/wp-json\/wp\/v2\/media?parent=120"}],"curies":[{"name":"wp","href":"https:\/\/api.w.org\/{rel}","templated":true}]}}