{"id":148,"date":"2016-10-04T17:24:40","date_gmt":"2016-10-04T15:24:40","guid":{"rendered":"http:\/\/www.ecole-de-marilles.be\/?page_id=148"},"modified":"2024-04-25T09:52:54","modified_gmt":"2024-04-25T07:52:54","slug":"les-classes","status":"publish","type":"page","link":"http:\/\/www.ecole-de-marilles.be\/index.php\/les-classes\/","title":{"rendered":"Les classes"},"content":{"rendered":"<h1 style=\"text-align: center;\"><span style=\"color: #99cc00;\">Classe d&rsquo;accueil et 1\u00e8re maternelle<\/span><\/h1>\n<p style=\"text-align: center;\">Titulaire :\u00a0 <span style=\"color: #ff00ff;\">Madame Nathalie Robert<\/span><\/p>\n<p style=\"text-align: center;\"><img loading=\"lazy\" class=\"wp-image-71 alignleft\" src=\"http:\/\/www.ecole-de-marilles.be\/wp-content\/uploads\/2016\/10\/DSCN2762-300x225.jpg\" alt=\"dscn2762\" width=\"189\" height=\"142\" srcset=\"http:\/\/www.ecole-de-marilles.be\/wp-content\/uploads\/2016\/10\/DSCN2762-300x225.jpg 300w, http:\/\/www.ecole-de-marilles.be\/wp-content\/uploads\/2016\/10\/DSCN2762-768x576.jpg 768w, http:\/\/www.ecole-de-marilles.be\/wp-content\/uploads\/2016\/10\/DSCN2762-1024x768.jpg 1024w\" sizes=\"(max-width: 189px) 100vw, 189px\" \/><img loading=\"lazy\" class=\"wp-image-72 alignright\" src=\"http:\/\/www.ecole-de-marilles.be\/wp-content\/uploads\/2016\/10\/DSCN2776-300x225.jpg\" alt=\"dscn2776\" width=\"199\" height=\"150\" srcset=\"http:\/\/www.ecole-de-marilles.be\/wp-content\/uploads\/2016\/10\/DSCN2776-300x225.jpg 300w, http:\/\/www.ecole-de-marilles.be\/wp-content\/uploads\/2016\/10\/DSCN2776-768x576.jpg 768w, http:\/\/www.ecole-de-marilles.be\/wp-content\/uploads\/2016\/10\/DSCN2776-1024x768.jpg 1024w\" sizes=\"(max-width: 199px) 100vw, 199px\" \/><\/p>\n<p style=\"text-align: center;\"><strong>Comptant +\/- 7 \u00e9l\u00e8ves de 2 ans et demi \u00e0 4 ans.<\/strong><\/p>\n<p style=\"text-align: center;\"><span style=\"color: #ff00ff;\">Cette ann\u00e9e encore, Madame Nathalie sera aid\u00e9e d&rsquo;une pu\u00e9ricultrice (Madame Christel) tout au long de la journ\u00e9e.<br \/>Quel bonheur pour nos petits ! <\/span><\/p>\n<p style=\"text-align: center;\"><span style=\"color: #ff00ff;\">L&rsquo;apr\u00e8s-midi, une sieste est organis\u00e9e de 13h \u00e0 15h par Madame France.<\/span><\/p>\n<h1 style=\"text-align: center;\"><span style=\"color: #99cc00;\"><br \/>Classe de 2\u00e8me et 3\u00e8me maternelle<\/span><\/h1>\n<p style=\"text-align: center;\">Titulaire :\u00a0 <span style=\"color: #ff00ff;\">Madame Jo\u00eblle Louis<\/span><\/p>\n<p style=\"text-align: center;\"><img loading=\"lazy\" class=\"wp-image-76 alignleft\" src=\"http:\/\/www.ecole-de-marilles.be\/wp-content\/uploads\/2016\/10\/DSCN2742-300x225.jpg\" alt=\"dscn2742\" width=\"199\" height=\"149\" srcset=\"http:\/\/www.ecole-de-marilles.be\/wp-content\/uploads\/2016\/10\/DSCN2742-300x225.jpg 300w, http:\/\/www.ecole-de-marilles.be\/wp-content\/uploads\/2016\/10\/DSCN2742-768x576.jpg 768w, http:\/\/www.ecole-de-marilles.be\/wp-content\/uploads\/2016\/10\/DSCN2742-1024x768.jpg 1024w\" sizes=\"(max-width: 199px) 100vw, 199px\" \/> \u00a0<img loading=\"lazy\" class=\"wp-image-77 alignright\" src=\"http:\/\/www.ecole-de-marilles.be\/wp-content\/uploads\/2016\/10\/DSCN2772-300x225.jpg\" alt=\"dscn2772\" width=\"209\" height=\"157\" srcset=\"http:\/\/www.ecole-de-marilles.be\/wp-content\/uploads\/2016\/10\/DSCN2772-300x225.jpg 300w, http:\/\/www.ecole-de-marilles.be\/wp-content\/uploads\/2016\/10\/DSCN2772-768x576.jpg 768w, http:\/\/www.ecole-de-marilles.be\/wp-content\/uploads\/2016\/10\/DSCN2772-1024x768.jpg 1024w\" sizes=\"(max-width: 209px) 100vw, 209px\" \/><strong>Comptant 20 \u00e9l\u00e8ves de 4 ans \u00e0 6 ans.<\/strong><\/p>\n<p style=\"text-align: center;\">\u00a0<\/p>\n<p style=\"text-align: center;\"><img loading=\"lazy\" class=\"alignnone wp-image-49\" src=\"http:\/\/www.ecole-de-marilles.be\/wp-content\/uploads\/2016\/10\/13256098_1045009758880650_8807085185809792564_n-300x169.jpg\" alt=\"13256098_1045009758880650_8807085185809792564_n\" width=\"279\" height=\"157\" srcset=\"http:\/\/www.ecole-de-marilles.be\/wp-content\/uploads\/2016\/10\/13256098_1045009758880650_8807085185809792564_n-300x169.jpg 300w, http:\/\/www.ecole-de-marilles.be\/wp-content\/uploads\/2016\/10\/13256098_1045009758880650_8807085185809792564_n-768x432.jpg 768w, http:\/\/www.ecole-de-marilles.be\/wp-content\/uploads\/2016\/10\/13256098_1045009758880650_8807085185809792564_n.jpg 960w\" sizes=\"(max-width: 279px) 100vw, 279px\" \/><\/p>\n<h1 style=\"text-align: center;\"><span style=\"color: #99cc00;\"><br \/>Classe de 1\u00e8re et 2\u00e8me primaire<\/span><\/h1>\n<p><img loading=\"lazy\" class=\"wp-image-80 alignleft\" src=\"http:\/\/www.ecole-de-marilles.be\/wp-content\/uploads\/2016\/10\/DSCN2754-300x225.jpg\" alt=\"dscn2754\" width=\"227\" height=\"170\" srcset=\"http:\/\/www.ecole-de-marilles.be\/wp-content\/uploads\/2016\/10\/DSCN2754-300x225.jpg 300w, http:\/\/www.ecole-de-marilles.be\/wp-content\/uploads\/2016\/10\/DSCN2754-768x576.jpg 768w, http:\/\/www.ecole-de-marilles.be\/wp-content\/uploads\/2016\/10\/DSCN2754-1024x768.jpg 1024w\" sizes=\"(max-width: 227px) 100vw, 227px\" \/><\/p>\n<p>Titulaire : <span style=\"color: #ff00ff;\">Madame Virginie Gr\u00e9goire<\/span><\/p>\n<p><strong><span style=\"color: #ff00ff;\"><img loading=\"lazy\" class=\"wp-image-620  alignright\" src=\"http:\/\/www.ecole-de-marilles.be\/wp-content\/uploads\/2018\/10\/20181017_1128053320-e1708691415198-221x300.jpg\" alt=\"\" width=\"141\" height=\"191\" srcset=\"http:\/\/www.ecole-de-marilles.be\/wp-content\/uploads\/2018\/10\/20181017_1128053320-e1708691415198-221x300.jpg 221w, http:\/\/www.ecole-de-marilles.be\/wp-content\/uploads\/2018\/10\/20181017_1128053320-e1708691415198-768x1044.jpg 768w, http:\/\/www.ecole-de-marilles.be\/wp-content\/uploads\/2018\/10\/20181017_1128053320-e1708691415198-753x1024.jpg 753w, http:\/\/www.ecole-de-marilles.be\/wp-content\/uploads\/2018\/10\/20181017_1128053320-e1708691415198.jpg 1093w\" sizes=\"(max-width: 141px) 100vw, 141px\" \/><\/span><\/strong><\/p>\n<p style=\"text-align: center;\"><strong>Comptant 13 \u00e9l\u00e8ves de 6 \u00e0 8 ans.<\/strong><\/p>\n<h1>\u00a0<\/h1>\n<h1>\u00a0<\/h1>\n<h1 style=\"text-align: center;\"><span style=\"color: #99cc00;\">Classe de 3\u00e8me et 4\u00e8me primaire<\/span><\/h1>\n<p style=\"text-align: center;\">Titulaires : <span style=\"color: #ff00ff;\">Madame Amandine Cauwberghs et <\/span><span style=\"color: #ff00ff;\">Monsieur Gr\u00e9gory Marteau<\/span><\/p>\n<p style=\"text-align: center;\"><strong style=\"font-size: revert; color: initial;\">Comptant 12 \u00e9l\u00e8ves de 8 \u00e0 10 ans<\/strong><\/p>\n<p style=\"text-align: center;\"><img loading=\"lazy\" class=\"wp-image-74 alignleft\" src=\"http:\/\/www.ecole-de-marilles.be\/wp-content\/uploads\/2016\/10\/DSCN2748-300x225.jpg\" alt=\"dscn2748\" width=\"215\" height=\"161\" srcset=\"http:\/\/www.ecole-de-marilles.be\/wp-content\/uploads\/2016\/10\/DSCN2748-300x225.jpg 300w, http:\/\/www.ecole-de-marilles.be\/wp-content\/uploads\/2016\/10\/DSCN2748-768x576.jpg 768w, http:\/\/www.ecole-de-marilles.be\/wp-content\/uploads\/2016\/10\/DSCN2748-1024x768.jpg 1024w\" sizes=\"(max-width: 215px) 100vw, 215px\" \/><strong style=\"font-size: revert; color: initial;\"><img loading=\"lazy\" class=\"alignnone  wp-image-2145\" src=\"http:\/\/www.ecole-de-marilles.be\/wp-content\/uploads\/2023\/08\/429081753_797434972225279_1515612226568842239_n-300x286.jpg\" alt=\"\" width=\"174\" height=\"166\" srcset=\"http:\/\/www.ecole-de-marilles.be\/wp-content\/uploads\/2023\/08\/429081753_797434972225279_1515612226568842239_n-300x286.jpg 300w, http:\/\/www.ecole-de-marilles.be\/wp-content\/uploads\/2023\/08\/429081753_797434972225279_1515612226568842239_n-1024x976.jpg 1024w, http:\/\/www.ecole-de-marilles.be\/wp-content\/uploads\/2023\/08\/429081753_797434972225279_1515612226568842239_n-768x732.jpg 768w, http:\/\/www.ecole-de-marilles.be\/wp-content\/uploads\/2023\/08\/429081753_797434972225279_1515612226568842239_n-1536x1465.jpg 1536w, http:\/\/www.ecole-de-marilles.be\/wp-content\/uploads\/2023\/08\/429081753_797434972225279_1515612226568842239_n.jpg 1870w\" sizes=\"(max-width: 174px) 100vw, 174px\" \/><\/strong><img loading=\"lazy\" class=\"wp-image-2141 alignright\" src=\"http:\/\/www.ecole-de-marilles.be\/wp-content\/uploads\/2023\/08\/Gregory-Marteau-site-Marilles-300x277.jpg\" alt=\"\" width=\"167\" height=\"154\" srcset=\"http:\/\/www.ecole-de-marilles.be\/wp-content\/uploads\/2023\/08\/Gregory-Marteau-site-Marilles-300x277.jpg 300w, http:\/\/www.ecole-de-marilles.be\/wp-content\/uploads\/2023\/08\/Gregory-Marteau-site-Marilles-768x708.jpg 768w, http:\/\/www.ecole-de-marilles.be\/wp-content\/uploads\/2023\/08\/Gregory-Marteau-site-Marilles.jpg 810w\" sizes=\"(max-width: 167px) 100vw, 167px\" \/><\/p>\n<h1>\u00a0<\/h1>\n<h1 style=\"text-align: center;\"><span style=\"color: #99cc00;\">Classe de 5\u00e8me et 6\u00e8me primaire<\/span><\/h1>\n<p style=\"text-align: center;\">Titulaire : <span style=\"color: #ff00ff;\">Monsieur Gr\u00e9gory Lemestr\u00e9<\/span><\/p>\n<p><img loading=\"lazy\" class=\"wp-image-81 alignright\" src=\"http:\/\/www.ecole-de-marilles.be\/wp-content\/uploads\/2016\/10\/DSCN2770-300x225.jpg\" alt=\"dscn2770\" width=\"239\" height=\"179\" \/><img loading=\"lazy\" class=\"wp-image-78 alignleft\" src=\"http:\/\/www.ecole-de-marilles.be\/wp-content\/uploads\/2016\/10\/DSCN2750-300x225.jpg\" alt=\"dscn2750\" width=\"255\" height=\"191\" \/><\/p>\n<p style=\"text-align: center;\"><strong>Comptant 19 \u00e9l\u00e8ves de 10 \u00e0 12 ans<\/strong><\/p>\n\n\n<p><strong><strong><\/strong><\/strong><\/p>\n","protected":false},"excerpt":{"rendered":"<p>Classe d&rsquo;accueil et 1\u00e8re maternelle Titulaire :\u00a0 Madame Nathalie Robert Comptant +\/- 7 \u00e9l\u00e8ves de 2 ans et demi \u00e0 4 ans. Cette ann\u00e9e encore, Madame Nathalie sera aid\u00e9e d&rsquo;une pu\u00e9ricultrice (Madame Christel) tout au long de la journ\u00e9e.Quel bonheur pour nos petits ! L&rsquo;apr\u00e8s-midi, une sieste est organis\u00e9e de 13h \u00e0 15h par Madame [&hellip;]<\/p>\n","protected":false},"author":2,"featured_media":0,"parent":0,"menu_order":0,"comment_status":"closed","ping_status":"closed","template":"","meta":[],"_links":{"self":[{"href":"http:\/\/www.ecole-de-marilles.be\/index.php\/wp-json\/wp\/v2\/pages\/148"}],"collection":[{"href":"http:\/\/www.ecole-de-marilles.be\/index.php\/wp-json\/wp\/v2\/pages"}],"about":[{"href":"http:\/\/www.ecole-de-marilles.be\/index.php\/wp-json\/wp\/v2\/types\/page"}],"author":[{"embeddable":true,"href":"http:\/\/www.ecole-de-marilles.be\/index.php\/wp-json\/wp\/v2\/users\/2"}],"replies":[{"embeddable":true,"href":"http:\/\/www.ecole-de-marilles.be\/index.php\/wp-json\/wp\/v2\/comments?post=148"}],"version-history":[{"count":153,"href":"http:\/\/www.ecole-de-marilles.be\/index.php\/wp-json\/wp\/v2\/pages\/148\/revisions"}],"predecessor-version":[{"id":2172,"href":"http:\/\/www.ecole-de-marilles.be\/index.php\/wp-json\/wp\/v2\/pages\/148\/revisions\/2172"}],"wp:attachment":[{"href":"http:\/\/www.ecole-de-marilles.be\/index.php\/wp-json\/wp\/v2\/media?parent=148"}],"curies":[{"name":"wp","href":"https:\/\/api.w.org\/{rel}","templated":true}]}}